- 4034341?
-4034340
In base 15, what is -17c9c - 0?
-17c9c
In base 11, what is 514a0 + 0?
514a0
In base 3, what is -100000 + -1100011?
-1200011
In base 8, what is -6 - -164?
156
In base 15, what is -42 + 92e?
8dc
In base 14, what is 374d + 4?
3753
In base 3, what is -12210202000 - -11?
-12210201212
In base 4, what is 202 - -3021133?
3022001
In base 14, what is 391551 - -2?
391553
In base 3, what is 1 - 201112210021?
-201112210020
In base 5, what is 1 + -4024110?
-4024104
In base 8, what is 121171 + 0?
121171
In base 16, what is 2 + 4ace?
4ad0
In base 5, what is -2 + -20103431?
-20103433
In base 16, what is -b10 - -5d?
-ab3
In base 9, what is -160 + 16?
-143
In base 15, what is 5 + 757d?
7583
In base 9, what is -713 + -50?
-763
In base 15, what is 4 + 2235?
2239
In base 4, what is 10201232 - -131?
10202023
In base 2, what is 101 + 10010110100110?
10010110101011
In base 6, what is 2052 + 4445?
10541
In base 10, what is 16920 + 93?
17013
In base 10, what is 1 - -1107948?
1107949
In base 15, what is 3 + -7ecb?
-7ec8
In base 15, what is 483 - -49?
4cc
In base 13, what is 0 - -8c59b?
8c59b
In base 12, what is 4 - 79742?
-7973a
In base 7, what is -32 - -60210?
60145
In base 12, what is -5213 + -5?
-5218
In base 9, what is -3782 - 74?
-3866
In base 12, what is 5 - 7847?
-7842
In base 14, what is 522a2 + 2?
522a4
In base 15, what is -20e3 - -3?
-20e0
In base 9, what is -3 - -8118?
8115
In base 9, what is -4567463 + 2?
-4567461
In base 15, what is -306 + 33?
-2c3
In base 7, what is 2064 + 26?
2123
In base 5, what is -41241 - -2?
-41234
In base 11, what is 6032 + 6?
6038
In base 13, what is a4 - -4722?
47c6
In base 13, what is 142c + -a5?
1357
In base 14, what is b4 - -80?
154
In base 5, what is 1134434 + -123?
1134311
In base 6, what is 21414 + -1?
21413
In base 8, what is -106 + 45254?
45146
In base 5, what is 21 + 101?
122
In base 15, what is -db - 2181?
-226c
In base 8, what is 4 - 753000?
-752774
In base 10, what is -836 + 2697?
1861
In base 8, what is 221212 - 2?
221210
In base 7, what is 3 + -464665?
-464662
In base 12, what is 462 - -94?
536
In base 7, what is -13 - 613426?
-613442
In base 13, what is -139 - 3b2?
-51b
In base 5, what is 321240 + -3?
321232
In base 2, what is 10101100000100 - 101010?
10101011011010
In base 13, what is -29838 - -2?
-29836
In base 7, what is 4 - -111336?
111343
In base 16, what is -23 + -3e?
-61
In base 11, what is 41 - -23043?
23084
In base 10, what is 3 - 1033?
-1030
In base 16, what is 45a + -80?
3da
In base 10, what is -5 - -54208?
54203
In base 14, what is -1 + 78?
77
In base 12, what is 2434 + -b?
2425
In base 6, what is -3 + 34414412?
34414405
In base 10, what is 3294013 - -4?
3294017
In base 7, what is 53111150 - 5?
53111142
In base 16, what is 284f8 - 2?
284f6
In base 7, what is 1330 + 141?
1501
In base 9, what is 62 + -857?
-785
In base 15, what is 36 + -3ae4?
-3aad
In base 10, what is 6162 + -205?
5957
In base 16, what is -3 - 4092c?
-4092f
In base 11, what is 57398 - a?
57389
In base 3, what is 20101 - 1020122?
-1000021
In base 6, what is -431 - 130205?
-131040
In base 16, what is -3 - 942?
-945
In base 9, what is -13382 - -23?
-13358
In base 2, what is -111100101110010111011 + 0?
-111100101110010111011
In base 4, what is 211000 + -2023?
202311
In base 15, what is 2bb1 + 135?
2ce6
In base 9, what is -4504 - -73?
-4421
In base 9, what is 17 - 418?
-401
In base 3, what is -2 + 21120211200?
21120211121
In base 10, what is 204 - -29?
233
In base 2, what is 10111010110101 + 0?
10111010110101
In base 15, what is 172a - 1b?
170e
In base 14, what is -37672b - -4?
-376727
In base 13, what is 0 + 1a809?
1a809
In base 13, what is -1 + 463c?
463b
In base 10, what is -266 + 133?
-133
In base 2, what is 100 + 10000000?
10000100
In base 16, what is -1a5 - -a?
-19b
In base 14, what is 2 - -21496?
21498
In base 3, what is -21 + 2102212002?
2102211211
In base 13, what is 82 - -74b?
800
In base 10, what is 9 - -109797?
109806
In base 15, what is 1 + -8c912?
-8c911
In base 10, what is 218 - 136?
82
In base 12, what is 2 + -202b?
-2029
In base 12, what is 3 - -1274?
1277
In base 5, what is -12323320 + 4?
-12323311
In base 7, what is -206565 - 4?
-206602
In base 16, what is 1b1 + -1ea0?
-1cef
In base 13, what is -103 + 93?
-40
In base 7, what is -50 + 25063?
25013
In base 13, what is 3 - 2c73c?
-2c739
In base 11, what is 1 - -28438?
28439
In base 10, what is -76 - -823?
747
In base 13, what is -5 + -194797?
-19479c
In base 9, what is -5 - 518160?
-518165
In base 5, what is 233424402 - 2?
233424400
In base 16, what is -9163 + 1?
-9162
In base 12, what is 6 - -65b4?
65ba
In base 9, what is -35 - 11308?
-11344
In base 7, what is -23 - 1232?
-1255
In base 4, what is 112221 - 103?
112112
In base 10, what is 50346 + 2?
50348
In base 7, what is -25 + -220305?
-220333
In base 12, what is 13 + -3a34?
-3a21
In base 13, what is -15a16 - 3?
-15a19
In base 3, what is -22 - -1111112110?
1111112011
In base 4, what is 33100 - 1022?
32012
In base 7, what is 4 - -5644500?
5644504
In base 2, what is 10010111100001100 + 1?
10010111100001101
In base 12, what is -36423 - b?
-36432
In base 13, what is -1 + -77912?
-77913
In base 3, what is 0 - 12202222?
-12202222
In base 10, what is 11617 - -151?
11768
In base 11, what is 34 + -9016?
-8a92
In base 12, what is -12881 - -9?
-12874
In base 2, what is 11101101 + 101010110110?
101110100011
In base 5, what is 0 + 114000?
114000
In base 11, what is 9a602 + -2?
9a600
In base 2, what is 101011 - 1100000010000011?
-1100000001011000
In base 6, what is -105 + -121233?
-121342
In base 8, what is 11344620 - -3?
11344623
In base 15, what is 75 + -5e7?
-572
In base 9, what is 1007 + 17?
1025
In base 10, what is -9659 - -17?
-9642
In base 3, what is -2021010021 - 0?
-2021010021
In base 9, what is 342 + -371?
-28
In base 2, what is -10111101 - 1101101010101?
-1110000010010
In base 4, what is 100010232 + 1?
100010233
In base 2, what is -101 + 11110011101111?
11110011101010
In base 2, what is -10000110101110100110 + 101?
-10000110101110100001
In base 13, what is 12 - 62a0b?
-629c9
In base 5, what is 4310331 + 3?
4310334
In base 15, what is 1bb55 + 3?
1bb58
In base 3, what is -2112110202122 + 11?
-2112110202111
In base 16, what is -2 - -372b9?
372b7
In base 6, what is -13200000 + -2?
-13200002
In base 9, what is 4205842 + -1?
4205841
In base 16, what is 5 - f6588?
-f6583
In base 12, what is -72 - a896?
-a948
In base 14, what is -2 - 536b5?
-536b7
In base 8, what is -3752 + -16?
-3770
In base 14, what is 4 + 141bdd?
141c03
In base 14, what is 53b3 + 2?
53b5
In base 14, what is -1 + -6d88?
-6d89
In base 15, what is -4 + 20bc?
20b8
In base 3, what is -1 + -2210022221?
-2210022222
In base 7, what is 1 + 2664114?
2664115
In base 12, what is 63b64 - -b?
63b73
In base 16, what is 25 + -6b9?
-694
In base 6, what is -3 - -25403022?
25403015
In base 5, what is 20102 + 1014?
21121
In base 3, what is 110220 - 202?
110011
In base 16, what is -1aad6c + 2?
-1aad6a
In base 9, what is -715 - 2588?
-3414
In base 6, what is 2 - 143350?
-143344
In base 13, what is -123 + -689?
-7ac
In base 12, what is 1a3818 - 2?
1a3816
In base 3, what is -12 - -121012211?
121012122
In base 14, what is 4 + 1a11?
1a15
In base 13, what is -1 + 3939?
3938
In base 14, what is 389 - c?
37b
In base 4, what is -110 + 103301?
103131
In base 4, what is -22130122 - 2?
-22130130
In base 6, what is 23351 - 2055?
21252
In base 6, what is 5 + -15541?
-15532
In base 9, what is -4 + -4111?
-4115
In base 14, what is 88 + -a1?
-17
In base 14, what is -4 - -5a60b?
5a607
In base 10, what is 1570 - -8?
1578
In base 3, what is 22022 + 2020111?
2112210
In base 5, what is -243 + 12331?
12033
In base 12, what is -a + -1a0896?
-1a08a4
In base 2, what is 100011111 - -10?
100100001
In base 14, what is -18a34 - -3?
-18a31
In base 14, what is 140 - 4465?
-4325
In base 15, what is 80e - b23?
-314
In base 15, what is 1b9bd + 4?
1b9c2
In base 14, what is -426c5 - -3?
-426c2
In base 3, what is -1011020111 + 2?
-1011020102
In base 16, what is -4438 - -b?
-442d
In base 11, what is 1738226 + 3?
1738229
In base 8, what is 23 - 3337?
-3314
In base 4, what is 23 + 11123?
11212
In base 8, what is -24167 - 177?
-24366
In base 16, what is -27 + 5dd?
5b6
In base 11, what is -39920 + -2?
-39922